2?
True
Is 783 a factor of 14310891?
True
Is 867 a factor of 1784465086?
False
Is 444 a factor of 24293904?
True
Does 929 divide 4618988?
True
Does 66 divide 57589158?
True
Does 17 divide 21055696?
False
Is 3 a factor of 42859490?
False
Is 1364380 a multiple of 294?
False
Does 234 divide 140194773?
False
Is 2406889771 a multiple of 2777?
True
Is 971 a factor of 6160870?
False
Is 4631 a factor of 420193785?
True
Does 137 divide 858130700?
False
Does 207 divide 27491929?
False
Does 27 divide 2560707?
True
Is 15 a factor of 13493580?
True
Does 7 divide 59084270?
True
Does 2 divide 46565092?
True
Is 717134034 a multiple of 123?
True
Does 13 divide 6322632329?
True
Does 111 divide 80170971?
True
Is 565710036 a multiple of 91?
False
Does 17 divide 38318850?
True
Is 614107053 a multiple of 441?
True
Is 400053450 a multiple of 30?
True
Does 6747 divide 868494081?
True
Is 618315624 a multiple of 2929?
False
Does 2080 divide 2773390880?
True
Is 33 a factor of 49034625?
False
Is 3701 a factor of 70393012?
False
Is 2 a factor of 5432215?
False
Does 84 divide 3066207816?
True
Does 11 divide 514161813?
True
Does 2 divide 48400850?
True
Is 287 a factor of 2450889308?
True
Does 1025 divide 92021955?
False
Does 103 divide 52923048?
True
Does 12 divide 818682216?
True
Is 1559 a factor of 186276179?
False
Is 34 a factor of 844384704?
False
Is 210 a factor of 573231969?
False
Does 5 divide 27780937?
False
Is 1541651582 a multiple of 37?
False
Is 156201309 a multiple of 37?
True
Does 86 divide 191400089?
False
Is 34 a factor of 34972783?
False
Is 5110783080 a multiple of 676?
True
Is 20166347 a multiple of 25?
False
Is 268597 even?
False
Is 16 a factor of 36046433?
False
Is 1945 a factor of 219102305?
True
Does 20 divide 34419531?
False
Is 21 a factor of 4035640109?
False
Is 61 a factor of 234214872?
False
Does 2 divide 40051100?
True
Does 116 divide 582099600?
True
Is 581286214 a multiple of 529?
False
Is 34 a factor of 566430004?
True
Does 230 divide 1413127872?
False
Does 2 divide 47143511?
False
Is 450151543 a multiple of 1502?
False
Does 6 divide 5526228?
True
Is 8503024 a multiple of 930?
False
Does 36 divide 1975773912?
False
Is 120496194 a multiple of 339?
True
Does 662 divide 370772298?
True
Does 12 divide 139415412?
True
Does 3 divide 11785392?
True
Is 14349345 a multiple of 227?
False
Does 2633 divide 2262734375?
True
Does 3 divide 439605405?
True
Does 411 divide 47109436?
False
Is 12636409 a multiple of 3?
False
Does 249 divide 3729943607?
False
Does 3673 divide 12523247?
False
Is 8 a factor of 2755188?
False
Is 256 a factor of 98996776?
False
Is 164127212 a multiple of 3690?
False
Is 6396 a factor of 176905331?
False
Is 14 a factor of 81385671?
False
Does 787 divide 2426073882?
True
Is 3903039531 a multiple of 6282?
False
Is 2352754008 a multiple of 792?
True
Does 231 divide 160818735?
True
Is 481984 a multiple of 17?
True
Does 227 divide 25153490?
False
Is 157 a factor of 86549076?
True
Is 3860 a factor of 852048680?
True
Does 261 divide 35311995?
True
Is 1183948543 a multiple of 37?
False
Is 92 a factor of 329817608?
True
Is 201 a factor of 35239320?
True
Is 8441 a factor of 650963479?
False
Does 1103 divide 300182553?
True
Does 20 divide 330900240?
True
Is 122 a factor of 441922308?
True
Does 31 divide 54054886?
True
Is 7 a factor of 66763987?
False
Is 122344572 a multiple of 501?
False
Does 8 divide 2291651?
False
Does 71 divide 36484983?
True
Is 37 a factor of 39981486?
False
Is 129 a factor of 738934180?
False
Does 196 divide 37146769?
False
Is 18918158 a multiple of 14?
True
Does 488 divide 10476872?
True
Does 111 divide 133525265?
False
Does 29 divide 15407352?
True
Is 1161384940 a multiple of 20?
True
Is 272 a factor of 270579078?
False
Is 291248973 a multiple of 828?
False
Is 4670 a factor of 279578890?
True
Is 114360786 a multiple of 9?
True
Does 386 divide 3655034?
True
Does 449 divide 999070233?
False
Is 1010776871 a multiple of 94?
False
Does 12 divide 61095504?
True
Is 4 a factor of 29143832?
True
Is 1276 a factor of 223144396?
False
Is 25 a factor of 35483675?
True
Does 2 divide 26142033?
False
Is 29761656 a multiple of 3206?
False
Is 59 a factor of 45787009?
True
Is 1460 a factor of 14458745?
False
Is 4 a factor of 5642341?
False
Does 102 divide 13773978?
True
Does 169 divide 198268670?
False
Is 12 a factor of 49420440?
True
Is 49 a factor of 14496846?
True
Does 402 divide 8117988?
True
Is 24 a factor of 79654722?
False
Is 699230563 even?
False
Is 38202360 a multiple of 81?
False
Is 1048 a factor of 7525688?
True
Is 2906 a factor of 3294549636?
True
Is 957 a factor of 282702585?
True
Is 10 a factor of 888556050?
True
Is 7 a factor of 49994518?
True
Is 129 a factor of 274241773?
False
Is 2070478103 a multiple of 788?
False
Is 120 a factor of 24351936?
False
Does 64 divide 3384512?
True
Is 43497761 a multiple of 10?
False
Is 43611420 a multiple of 15?
True
Is 32 a factor of 16186504?
False
Does 115 divide 204231919?
False
Is 380900 a multiple of 14?
False
Does 46 divide 55797425?
False
Does 2462 divide 124820829?
False
Is 8698476 a multiple of 349?
True
Is 12 a factor of 331626186?
False
Is 2 a factor of 3715168?
True
Is 415 a factor of 593183985?
True
Does 28 divide 131285252?
True
Does 37 divide 837037378?
False
Does 74 divide 876178852?
False
Is 290814919 a multiple of 11?
False
Is 5 a factor of 256120?
True
Does 17 divide 12193875?
False
Is 13443906 a multiple of 798?
True
Is 66 a factor of 84223722?
True
Is 1399423102 a multiple of 8806?
True
Is 31286694 a multiple of 34?
False
Is 154178384 a multiple of 7?
False
Does 593 divide 71589925?
True
Does 23 divide 456515443?
False
Does 256 divide 327473870?
False
Does 2307 divide 200450183?
False
Is 3622401332 a multiple of 2101?
True
Is 349 a factor of 174904845?
False
Does 2808 divide 120221405?
False
Is 125 a factor of 11138784?
False
Does 3929 divide 551884460?
False
Is 648 a factor of 422100960?
False
Does 2245 divide 19265406?
False
Does 255 divide 3629569?
False
Does 1813 divide 2045363145?
True
Is 273524316 a multiple of 26?
True
Does 1354 divide 85182848?
True
Does 272 divide 208294043?
False
Is 54 a factor of 176514256?
False
Does 10 divide 181023100?
True
Does 213 divide 19043214?
False
Is 27 a factor of 2905168998?
False
Is 160931460 a multiple of 276?
True
Is 162605898 a multiple of 2683?
True
Is 38630039 a multiple of 43?
True
Does 640 divide 49939379?
False
Does 133 divide 710262693?
True
Is 19268061 a multiple of 373?
True
Does 14 divide 222564495?
False
Is 640 a factor of 5378560?
True
Is 20804458 a multiple of 42?
False
Is 125 a factor of 10953625?
True
Is 26 a factor of 52861588?
True
Is 38 a factor of 7590517?
False
Is 20 a factor of 1751406860?
True
Is 149 a factor of 20523791?
False
Does 57 divide 56922290?
False
Is 508 a factor of 10692384?
True
Is 209713372 a multiple of 187?
False
Does 579 divide 665980275?
True
Does 598 divide 75745670?
True
Is 14 a factor of 5045854?
False
Is 1362220244 a multiple of 574?
True
Is 4651357 a multiple of 3?
False
Does 1761 divide 3910140290?
False
Is 1131 a factor of 531023727?
True
Does 27 divide 885503124?
True
Does 3756 divide 151219704?
False
Does 337 divide 22869831?
True
Is 35 a factor of 345185105?
False
Does 2061 divide 26221766?
False
Is 3 a factor of 4026216?
True
Does 77 divide 1991845094?
False
Is 217 a factor of 28132314?
True
Is 1009174761 a multiple of 9?
True
Does 61 divide 588390213?
False
Is 65 a factor of 188103630?
True
Is 540 a factor of 139822200?
True
Does 586 divide 647530?
True
Does 22 divide 1393754950?
False
Does 219 divide 22778190?
True
Does 3294 divide 41203435?
False
Is 531269295 a multiple of 5865?
True
Is 117660941 a multiple of 311?
True
Is 510695492 a multiple of 840?
False
Is 2416416494 a multiple of 7989?
False
Is 1329750 a multiple of 30?
True
Is 75 a factor of 215383200?
True
Does 1498 divide 2919606494?
True
Is 2 a factor of 75934053?
False
Is 99681495 a multiple of 2?
False
Does 13 divide 9847522?
False
Is 2255879343 a multiple of 393?
True
Is 50 a factor of 64048432?
False
Is 363 a factor of 6729076?
False
Is 43 a factor of 176691854?
False
Does 267 divide 500847185?
False
Is 8 a factor of 4789408?
True
Does 72 divide 319946365?
False
Is 58 a factor of 2029889568?
True
Is 4 a factor o